{"id":16,"date":"2025-04-20T20:33:03","date_gmt":"2025-04-20T20:33:03","guid":{"rendered":"https:\/\/admin.workbestiedog.de:8080\/?page_id=16"},"modified":"2026-04-09T09:21:06","modified_gmt":"2026-04-09T09:21:06","slug":"ueber-mich","status":"publish","type":"page","link":"https:\/\/www.workbestiedog.de\/?page_id=16","title":{"rendered":"\u00dcber uns"},"content":{"rendered":"\n<div class=\"wp-block-group alignfull is-style-default has-global-padding is-layout-constrained wp-block-group-is-layout-constrained\" style=\"margin-top:0;margin-bottom:0;padding-top:var(--wp--preset--spacing--50);padding-bottom:var(--wp--preset--spacing--50)\">\n<div class=\"wp-block-columns alignwide is-layout-flex wp-container-core-columns-is-layout-1 wp-block-columns-is-layout-flex\">\n<div class=\"wp-block-column is-vertically-aligned-center is-layout-flow wp-block-column-is-layout-flow\" style=\"flex-basis:50%\">\n<h2 class=\"wp-block-heading\"><mark style=\"background-color:rgba(0, 0, 0, 0)\" class=\"has-inline-color has-contrast-color\">Hallo, ich bin Minju<\/mark><\/h2>\n\n\n\n<p><mark style=\"background-color:rgba(0, 0, 0, 0)\" class=\"has-inline-color has-contrast-color\">Gr\u00fcnderin von <strong>Workbestiedog<\/strong>, zertifizierte Hundeverhaltensberaterin (IHK\/BHV), und leidenschaftliche Verfechterin einer <strong>positiven Arbeitskultur.<\/strong> <\/mark><br><br>Ich komme aus S\u00fcdkorea und lebe heute in Berlin. Mein Beruf ist f\u00fcr mich mehr als nur ein Job \u2013 er vereint mein Interesse an <strong>Verhalten, Kommunikation und Beziehungen<\/strong> mit meiner Liebe zu Hunden. Deshalb habe ich <strong>Workbestiedog<\/strong> gegr\u00fcndet \u2013 als Projekt aus dem Herzen, um Mensch und Hund gemeinsam ins B\u00fcro und ins Gleichgewicht zu bringen. <br><br>W\u00e4hrend meiner Ausbildung habe ich erlebt, wie <strong>Hundetrainerinnen mit der Methode der positiven Verst\u00e4rkung nicht nur Hunde, sondern auch Menschen ermutigen, wachsen und vertrauen zu lernen<\/strong>. Diese Erfahrung hat mich tief beeindruckt. Genau diese Haltung m\u00f6chte ich in die Arbeitswelt bringen \u2013 <strong>f\u00fcr mehr Zusammenarbeit, Verst\u00e4ndnis und Motivation im Team<\/strong>. <br><br>Neben Workbestiedog arbeite ich <strong>Teilzeit im B\u00fcro<\/strong> mit Fokus auf Marketing. Dort sammle ich t\u00e4glich neue Impulse in <strong>Kommunikation und Kooperation<\/strong>, die ich direkt in meine Beratung einflie\u00dfen lasse. Au\u00dferdem arbeite ich als Hundetrainerin bei der <strong><a href=\"http:\/\/greh.de\">Hundeschule GREH<\/a><\/strong> in S\u00fcdkreuz. Dort leite ich Welpen- und Junghundestunden, sowie den Grundkurs und den Mobilitykurs. <br><br>Ich glaube: <strong>Ein gutes Arbeitsklima beginnt mit Vertrauen, Klarheit \u2013 und manchmal auch mit einem Schwanzwedeln.<\/strong><\/p>\n<\/div>\n\n\n\n<div class=\"wp-block-column is-vertically-aligned-center is-style-default is-layout-flow wp-block-column-is-layout-flow\" style=\"flex-basis:50%\">\n<figure class=\"wp-block-image size-full\"><img loading=\"lazy\" decoding=\"async\" width=\"806\" height=\"605\" src=\"https:\/\/www.workbestiedog.de\/wp-content\/uploads\/2025\/05\/minju-bolle-nona-norra.jpg\" alt=\"\" class=\"wp-image-46\" style=\"aspect-ratio:1;object-fit:cover\" srcset=\"https:\/\/www.workbestiedog.de\/wp-content\/uploads\/2025\/05\/minju-bolle-nona-norra.jpg 806w, https:\/\/www.workbestiedog.de\/wp-content\/uploads\/2025\/05\/minju-bolle-nona-norra-300x225.jpg 300w, https:\/\/www.workbestiedog.de\/wp-content\/uploads\/2025\/05\/minju-bolle-nona-norra-768x576.jpg 768w\" sizes=\"auto, (max-width: 806px) 100vw, 806px\" \/><\/figure>\n<\/div>\n<\/div>\n<\/div>\n\n\n\n<div class=\"wp-block-group alignfull has-global-padding is-layout-constrained wp-block-group-is-layout-constrained\" style=\"margin-top:0;margin-bottom:0;padding-top:var(--wp--preset--spacing--50);padding-bottom:var(--wp--preset--spacing--50)\">\n<div class=\"wp-block-columns alignwide is-layout-flex wp-container-core-columns-is-layout-2 wp-block-columns-is-layout-flex\">\n<div class=\"wp-block-column is-layout-flow wp-block-column-is-layout-flow\" style=\"flex-basis:56%\">\n<figure class=\"wp-block-image size-full\"><img loading=\"lazy\" decoding=\"async\" width=\"454\" height=\"605\" src=\"https:\/\/www.workbestiedog.de\/wp-content\/uploads\/2026\/01\/IMG_20251215_161243_366-rotated.jpg\" alt=\"\" class=\"wp-image-165\" srcset=\"https:\/\/www.workbestiedog.de\/wp-content\/uploads\/2026\/01\/IMG_20251215_161243_366-rotated.jpg 454w, https:\/\/www.workbestiedog.de\/wp-content\/uploads\/2026\/01\/IMG_20251215_161243_366-225x300.jpg 225w\" sizes=\"auto, (max-width: 454px) 100vw, 454px\" \/><\/figure>\n<\/div>\n\n\n\n<div class=\"wp-block-column is-vertically-aligned-center is-layout-flow wp-container-core-column-is-layout-4 wp-block-column-is-layout-flow\">\n<h2 class=\"wp-block-heading\">Hallo, ich bin Frieda<\/h2>\n\n\n\n<p><strong>Gute-Laune-Managerin<\/strong> und leidenschafliche Katzenj\u00e4gerin.<\/p>\n\n\n\n<p>Ich komme aus Albanien, wurde schon in Berlin vermittelt aber wegen meiner Jagdpassion abgegeben. Ich bin trotzdem <strong>fr\u00f6hlich, freundlich<\/strong> und <strong>gelassen<\/strong> im B\u00fcro. Mein Lieblingssnacks sind Bananen und Schrippe.<\/p>\n\n\n\n<div class=\"wp-block-buttons is-layout-flex wp-block-buttons-is-layout-flex\"><\/div>\n<\/div>\n<\/div>\n<\/div>\n\n\n\n<p><\/p>\n","protected":false},"excerpt":{"rendered":"<p>Hallo, ich bin Minju Gr\u00fcnderin von Workbestiedog, zertifizierte Hundeverhaltensberaterin (IHK\/BHV), und leidenschaftliche Verfechterin einer positiven Arbeitskultur. Ich komme aus S\u00fcdkorea und lebe heute in Berlin. Mein Beruf ist f\u00fcr mich mehr als nur ein Job \u2013 er vereint mein Interesse an Verhalten, Kommunikation und Beziehungen mit meiner Liebe zu Hunden. Deshalb habe ich Workbestiedog gegr\u00fcndet [&hellip;]<\/p>\n","protected":false},"author":1,"featured_media":0,"parent":0,"menu_order":0,"comment_status":"closed","ping_status":"closed","template":"","meta":{"footnotes":""},"class_list":["post-16","page","type-page","status-publish","hentry"],"_links":{"self":[{"href":"https:\/\/www.workbestiedog.de\/index.php?rest_route=\/wp\/v2\/pages\/16","targetHints":{"allow":["GET"]}}],"collection":[{"href":"https:\/\/www.workbestiedog.de\/index.php?rest_route=\/wp\/v2\/pages"}],"about":[{"href":"https:\/\/www.workbestiedog.de\/index.php?rest_route=\/wp\/v2\/types\/page"}],"author":[{"embeddable":true,"href":"https:\/\/www.workbestiedog.de\/index.php?rest_route=\/wp\/v2\/users\/1"}],"replies":[{"embeddable":true,"href":"https:\/\/www.workbestiedog.de\/index.php?rest_route=%2Fwp%2Fv2%2Fcomments&post=16"}],"version-history":[{"count":17,"href":"https:\/\/www.workbestiedog.de\/index.php?rest_route=\/wp\/v2\/pages\/16\/revisions"}],"predecessor-version":[{"id":246,"href":"https:\/\/www.workbestiedog.de\/index.php?rest_route=\/wp\/v2\/pages\/16\/revisions\/246"}],"wp:attachment":[{"href":"https:\/\/www.workbestiedog.de\/index.php?rest_route=%2Fwp%2Fv2%2Fmedia&parent=16"}],"curies":[{"name":"wp","href":"https:\/\/api.w.org\/{rel}","templated":true}]}}